ime?
False
Is 2852569 composite?
False
Is 27043 a composite number?
False
Is 368239151 composite?
True
Is 3279329 a prime number?
True
Is 30857713 a prime number?
False
Is 468469847 a prime number?
False
Is 113060681 prime?
False
Is 5451113 a prime number?
True
Is 5103713 composite?
True
Is 112868839 prime?
True
Is 36804706 composite?
True
Is 653059 a composite number?
True
Is 1246181 composite?
False
Is 12041999 prime?
True
Is 183050651 composite?
True
Is 2164541 a composite number?
True
Is 1411829 a composite number?
False
Is 2926894 prime?
False
Is 110241199 a composite number?
False
Is 581721193 a composite number?
True
Is 849803315 a prime number?
False
Is 174708986 a composite number?
True
Is 1770089 a composite number?
False
Is 18785009 a prime number?
True
Is 21443803 prime?
False
Is 541781 prime?
True
Is 28882937 a composite number?
False
Is 1273093 prime?
False
Is 5401519 a prime number?
False
Is 2150867 prime?
True
Is 90219007 a prime number?
True
Is 226909 prime?
False
Is 224307073 a prime number?
True
Is 59726711 composite?
True
Is 796501 a prime number?
False
Is 17161457 a prime number?
True
Is 859459 a composite number?
False
Is 70687 a prime number?
True
Is 12526913 a composite number?
True
Is 6700745 a composite number?
True
Is 969193 a prime number?
False
Is 44790241 a composite number?
False
Is 1972511 a composite number?
False
Is 7101287 prime?
True
Is 525751055 composite?
True
Is 363690193 a composite number?
True
Is 218573617 prime?
False
Is 949567 a prime number?
True
Is 1464889 prime?
False
Is 22507393 a prime number?
False
Is 228684581 prime?
False
Is 154168531 composite?
True
Is 9906917 a prime number?
True
Is 1192181033 composite?
True
Is 26596133 composite?
False
Is 160176323 a composite number?
False
Is 5232103 a prime number?
False
Is 85746077 prime?
True
Is 30322619 composite?
True
Is 630127347 prime?
False
Is 348014 composite?
True
Is 32399957 prime?
False
Is 73320883 a prime number?
False
Is 115260361 composite?
False
Is 1317989 a prime number?
True
Is 33580121 a prime number?
True
Is 46143923 a composite number?
True
Is 833009 composite?
False
Is 2449849 prime?
False
Is 22136383 a composite number?
True
Is 2663933 a composite number?
True
Is 30268657 a prime number?
False
Is 8963074 a composite number?
True
Is 5060449 composite?
False
Is 6136349 a composite number?
False
Is 2114371 composite?
True
Is 3220699 composite?
False
Is 96223141 composite?
True
Is 466527 a composite number?
True
Is 15356337 composite?
True
Is 11259967 prime?
False
Is 1032523 composite?
True
Is 15601297 prime?
True
Is 80395127 a prime number?
True
Is 73885173 a composite number?
True
Is 49540233 prime?
False
Is 905381 composite?
False
Is 141735149 a composite number?
False
Is 81976551 prime?
False
Is 74021501 prime?
True
Is 32300833 prime?
False
Is 6201347 a prime number?
True
Is 2015579 a prime number?
True
Is 115173197 a composite number?
False
Is 48468641 composite?
True
Is 89016509 a prime number?
False
Is 2083327 a composite number?
True
Is 6148887 prime?
False
Is 247706087 a prime number?
False
Is 196586899 composite?
False
Is 2928647 a prime number?
True
Is 470759 a prime number?
False
Is 546703 a prime number?
False
Is 682171 composite?
True
Is 1694713 prime?
False
Is 25623779 prime?
False
Is 44213929 a composite number?
False
Is 410729 a prime number?
False
Is 48894473 a composite number?
False
Is 3731393 composite?
False
Is 77280137 a prime number?
False
Is 20751229 a composite number?
False
Is 5473661 composite?
False
Is 21308579 composite?
False
Is 3519953 composite?
False
Is 819219287 a composite number?
True
Is 2470787 a prime number?
False
Is 4732849 a composite number?
True
Is 43944427 composite?
True
Is 16492327 a prime number?
False
Is 2992105 prime?
False
Is 4985 composite?
True
Is 5009803 composite?
False
Is 1473551 prime?
True
Is 298258651 prime?
True
Is 106537031 a composite number?
False
Is 326309 composite?
False
Is 2304454 prime?
False
Is 28069031 composite?
False
Is 242230513 a composite number?
True
Is 30210929 a prime number?
False
Is 44039543 a composite number?
False
Is 69396167 composite?
True
Is 7503701 a composite number?
False
Is 69991 a prime number?
True
Is 58787243 prime?
True
Is 63502759 composite?
False
Is 50769601 prime?
False
Is 4001431 a prime number?
False
Is 4549967 a prime number?
True
Is 7283671 a composite number?
True
Is 42326867 a prime number?
False
Is 6734573 composite?
False
Is 2582477 composite?
True
Is 182914807 composite?
False
Is 800587 a prime number?
True
Is 472501 prime?
False
Is 27105035 prime?
False
Is 144717 a prime number?
False
Is 3510869 a composite number?
False
Is 13665809 a prime number?
False
Is 192312689 prime?
True
Is 4139519 a prime number?
False
Is 512389 composite?
False
Is 19790887 a prime number?
True
Is 49106269 prime?
True
Is 1400197 prime?
True
Is 47818861 composite?
False
Is 192105677 a prime number?
False
Is 2711299 composite?
True
Is 7319699 composite?
False
Is 244037 composite?
True
Is 22139407 composite?
False
Is 38934417 composite?
True
Is 134990927 composite?
False
Is 6164803 prime?
True
Is 37000945 a prime number?
False
Is 10691281 prime?
False
Is 63767327 a prime number?
False
Is 24544573 composite?
False
Is 2631241 prime?
True
Is 168286997 a composite number?
False
Is 4049233 prime?
False
Is 11827063 prime?
False
Is 138807527 a composite number?
False
Is 1355819 a composite number?
False
Is 293465 a composite number?
True
Is 980921 composite?
False
Is 1876211 composite?
False
Is 96277399 a composite number?
False
Is 22111507 prime?
False
Is 7105415 prime?
False
Is 20955941 a composite number?
True
Is 7318291 a prime number?
False
Is 5525657 composite?
True
Is 660917 a composite number?
False
Is 18931826 a prime number?
False
Is 165462229 a composite number?
False
Is 31791283 a composite number?
False
Is 2388083 a composite number?
False
Is 317767921 a prime number?
True
Is 82341349 a prime number?
True
Is 792013 a prime number?
False
Is 47646127 a composite number?
True
Is 978661 a composite number?
True
Is 127106321 composite?
False
Is 81955343 prime?
True
Is 1233682 a composite number?
True
Is 2865521 prime?
True
Is 507239 a prime number?
False
Is 6456797 prime?
True
Is 17929709 a prime number?
False
Is 430712201 composite?
False
Is 35063297 prime?
True
Is 117232953 a composite number?
True
Is 55654069 a composite number?
False
Is 3928031 a composite number?
True
Is 5574871 prime?
False
Is 74252143 a composite number?
True
Is 37374703 composite?
True
Is 43529613 prime?
False
Is 26647463 prime?
True
Is 2054047 a prime number?
True
Is 16368827 composite?
True
Is 14878877 a prime number?
False
Is 14654011 a prime number?
False
Is 1657763 a prime number?
False
Is 529063741 a composite number?
False
Is 4587301 composite?
False
Is 6299533 a prime number?
False
Is 49937273 composite?
True
Is 1193027 a composite number?
True
Is 284611973 a composite number?
False
Is 5960599 a composite number?
False
Is 14306671 a prime number?
True
Is 14451467 composite?
True
Is 5895133 a prime number?
False
Is 243795999 a prime number?
False
Is 2107601 composite?
False
Is 11698634 prime?
False
Is 5995993 a prime number?
False
Is 79839637 a prime number?
True
Is 38454709 a composite number?
True
Is 6198187 a composite number?
False
Is 13226713 composite?
False
Is 5727527 composite?
True
Is 7708231 a composite number?
True
Is 199429 a composite number?
False
Is 505277 composite?
False
Is 11238707 a prime number?
False
Is 27351743 composite?
False
Is 56297365 a prime number?
False
Is 337800901 prime?
False
Is 210814041 composite?
True
Is 2478173 prime?
True
Is 432949 composite?
True
Is 333907439 a composite number?
True
Is 3751423 a composite number?
True
Is 29819443 a composite number?
True
Is 94792627 composite?
False
Is 466991 a prime number?
False
Is 176677613 composite?
True
Is 9040733 a prime number?
False
Is 262253393 composite?
False
Is 11333813 composite?
False
Is 30371441 a prime number?
True
Is 301759 a composite number?
False
Is 5615777 a prime number?
True
Is 960627493 prime?
False
Is 6859733 a prime number?
True
Is 162767743 a composite number?
True
Is 2338331 composite?
False
Is 28087429 prime?
True
Is 127950353 a composite number?
False
Is 8427983 compo